 in base 15?
37b9e
What is -1ab3b (base 14) in base 10?
-68065
Convert 33564505 (base 7) to base 8.
13116167
What is -747a0 (base 15) in base 7?
-3066360
Convert -29180 (base 10) to base 2.
-111000111111100
What is -1111222002200 (base 3) in base 5?
-201300341
What is -4204112314 (base 5) in base 10?
-8660334
What is -1255977 (base 10) in base 14?
-249a09
Convert -133209 (base 13) to base 16.
-7142a
What is -10010000111101111110011 (base 2) in base 13?
-ca4256
Convert -154078 (base 14) to base 11.
-466794
What is -1674406 (base 12) in base 10?
-4631622
What is -384712 (base 12) in base 5?
-213422233
-257a1 (base 14) to base 4
-112132201
What is -12233030 (base 5) in base 15?
-24de5
38648d (base 14) to base 10
1938173
Convert -2450057 (base 8) to base 5.
-133112022
-5c3466 (base 14) to base 16
-3034b2
Convert 1101101011010101010100 (base 2) to base 14.
694896
What is -319726a (base 11) in base 7?
-65513332
6c3925 (base 14) to base 15
4d0a60
514510 (base 7) to base 12
42b64
Convert -62a64 (base 12) to base 8.
-374554
What is 12022244 (base 5) in base 13?
3b667
-3140241021 (base 5) to base 7
-106566363
What is -1250402 (base 6) in base 2?
-10000110011100010
Convert 112313004 (base 5) to base 4.
1330212223
Convert -1001010111110010111011 (base 2) to base 15.
-337de3
What is -112026101 (base 7) in base 4?
-122003213120
Convert 55a67a (base 12) to base 2.
101001101100000111110
Convert 152515042 (base 6) to base 11.
18a5709
Convert -3ca1c9 (base 14) to base 2.
-1000000001010000000101
-20030135 (base 6) to base 7
-4535534
145658 (base 13) to base 9
837528
Convert 1142402134 (base 5) to base 7.
31644402
What is 28d11 (base 14) in base 16?
18be3
What is -11baca (base 15) in base 4?
-3033122131
What is 145521 (base 11) in base 13?
7c379
What is 3606226 (base 7) in base 5?
104042330
Convert 222022012022 (base 3) to base 10.
517733
Convert -19de5e (base 15) to base 12.
-50a482
What is 1100100001001101011000 (base 2) in base 8?
14411530
What is -110000021120021 (base 3) in base 2?
-11000010110010011010111
What is 36d32 (base 15) in base 2?
101010101111111001
What is -16443212 (base 7) in base 6?
-54241405
Convert -22421132 (base 5) to base 12.
-98689
What is -101000010110010011100 (base 2) in base 16?
-142c9c
What is 1376270 (base 8) in base 5?
100024001
What is -13a4b6 (base 12) in base 3?
-121201100110
Convert -42603113 (base 8) to base 3.
-122010220002201
-1110122001220 (base 3) to base 9
-1418056
Convert 247075 (base 12) to base 6.
20412225
Convert -d66 (base 16) to base 6.
-23514
Convert 175648 (base 11) to base 5.
32132341
What is 26200433 (base 8) in base 14?
abba1d
What is 36468 (base 14) in base 10?
132588
What is -1bb4a2 (base 12) in base 4?
-1321033322
Convert -100002210121012 (base 3) to base 9.
-10083535
-3756321 (base 9) to base 4
-13303102303
Convert 46a61 (base 16) to base 14.
7765b
-3a5d7 (base 16) to base 12
-b641b
What is -119953 (base 11) in base 4?
-232012102
Convert 111101101000011 (base 2) to base 5.
2002210
Convert 402054 (base 9) to base 4.
322002013
What is 66061 (base 11) in base 4?
113122123
95d6 (base 15) to base 7
161265
-130037 (base 11) to base 2
-110010000011010110
1126763 (base 8) to base 10
306675
Convert 1111101011010111110 (base 2) to base 12.
209366
Convert -6e8d78 (base 15) to base 13.
-1135178
74534 (base 9) to base 13
19579
1a319a (base 15) to base 16
1378d8
-43982b (base 14) to base 9
-4274167
20233220000 (base 4) to base 5
1041322344
What is ac62c5 (base 13) in base 11?
232a3a3
133221333 (base 4) to base 16
1fa7f
Convert 3001032212 (base 5) to base 12.
1b75192
What is -5034304 (base 6) in base 7?
-2011204
What is 114044031 (base 5) in base 15?
a847b
Convert 5a3394 (base 12) to base 4.
11203301200
Convert 1644012 (base 7) to base 12.
b0970
What is 6247b8 (base 15) in base 9?
8711722
-61607 (base 9) to base 5
-2244323
Convert -db288 (base 14) to base 10.
-530104
7574c0 (base 13) to base 8
12412663
What is 120011020100 (base 4) in base 15?
84a55e
b227a (base 12) to base 13
81751
Convert -3535ca8 (base 13) to base 16.
-faca0e
-3223402230 (base 5) to base 7
-112164662
145b96 (base 14) to base 11
443609
Convert 101220102012210 (base 3) to base 11.
32a8941
Convert 1690105 (base 10) to base 6.
100120321
Convert 1183516 (base 14) to base 9.
16687516
Convert 1709a (base 14) to base 3.
2221020021
Convert 1011101011010100 (base 2) to base 5.
3012303
-878992 (base 14) to base 8
-21417224
What is -267037 (base 13) in base 12?
-389a01
Convert 147343 (base 14) to base 7.
6021613
Convert -94978 (base 11) to base 12.
-68023
Convert -58742 (base 11) to base 6.
-1452202
What is -97047 (base 10) in base 8?
-275427
Convert 14307 (base 13) to base 4.
21033213
Convert 101001100011001010000 (base 2) to base 3.
2120011121111
What is -3523335 (base 9) in base 10?
-1905152
30030230 (base 4) to base 8
141454
What is -1101011011000101010000 (base 2) in base 5?
-1400100200
-2155183 (base 10) to base 15
-2c888d
What is 10010101001001 (base 2) in base 13?
4463
What is -1663968 (base 10) in base 4?
-12112033200
1011100001110000111 (base 2) to base 11
238886
What is -12203033021 (base 4) in base 2?
-110100011001111001001
Convert 1aa041a (base 13) to base 2.
100001101010110011000000
Convert 110101110110111000 (base 2) to base 14.
5a572
What is -5511614 (base 7) in base 10?
-675329
-110100100001111010 (base 2) to base 14
-585aa
-188bd (base 14) to base 9
-104163
141273a (base 11) to base 6
124100154
-ab726 (base 14) to base 11
-2643a5
What is 1d2edc (base 16) in base 4?
13102323130
What is -86767 (base 9) in base 3?
-2220212021
What is 6c975 (base 14) in base 13?
939a0
What is -179495 (base 13) in base 14?
-11594b
Convert -889843 (base 10) to base 8.
-3311763
24342 (base 9) to base 2
11111110111111
11451125 (base 6) to base 9
614828
Convert -1124320031 (base 5) to base 10.
-2573141
What is -1b0418 (base 13) in base 11?
-429583
-163572 (base 8) to base 13
-20c84
What is 1443101431 (base 5) in base 13?
a5a3bb
-2120023202 (base 4) to base 10
-623330
What is 3636360 (base 8) in base 16?
f3cf0
What is 15676c (base 13) in base 9?
885031
What is 200133110 (base 4) in base 12?
65018
What is -10111001111011001000111 (base 2) in base 9?
-12415127
1001010001000220 (base 3) to base 4
320333133312
What is -1122142 (base 6) in base 9?
-86808
What is -354028 (base 9) in base 7?
-1544453
Convert 2068781 (base 9) to base 16.
10eaf0
3240302 (base 6) to base 8
472056
What is -598454 (base 13) in base 4?
-20020131323
7eae93 (base 16) to base 3
120121210111220
Convert 10122011022 (base 3) to base 2.
10001011110000110
Convert -1c1e5e (base 16) to base 8.
-7017136
What is -1100011100101111110 (base 2) in base 15?
-80d09
Convert -11032112 (base 6) to base 5.
-41042311
-3265104 (base 10) to base 9
-6125783
Convert -2b8fbf (base 16) to base 14.
-544579
Convert 506050 (base 10) to base 13.
14944c
Convert -248082b (base 12) to base 8.
-33156243
345151543 (base 6) to base 7
105311664
What is 14155225 (base 9) in base 11?
3a54582
Convert -1011111101100011111011 (base 2) to base 12.
-10727b7
What is 20520663 (base 7) in base 2?
110100111111001000110
11011112102210 (base 3) to base 15
2db480
What is 325ab (base 12) in base 14?
1a351
What is -3031234401 (base 5) in base 10?
-6118101
What is -77966 (base 12) in base 4?
-212232132
Convert -72010 (base 13) to base 7.
-1510504
-95d83 (base 15) to base 9
-804286
21666a (base 14) to base 4
10110110112
What is -542325 (base 6) in base 16?
-ae4d
Convert -3316a (base 13) to base 6.
-1552215
-54160260 (base 7) to base 9
-8620880
What is -15522b (base 14) in base 15?
-ea6da
Convert 573b1 (base 13) to base 4.
212301303
Convert 120212120110 (base 3) to base 10.
312429
Convert -6070245 (base 8) to base 16.
-1870a5
What is 229812 (base 13) in base 2?
11001000011001110000
5402b (base 16) to base 12
147177
What is 14015606 (base 7) in base 9?
2388248
Convert 1327768 (base 9) to base 11.
4575a1
What is 221434122 (base 5) in base 3?
1211011220020
Convert -c546 (base 14) to base 9.
-51534
Convert -25105336 (base 7) to base 5.
-1034112102
What is 956335 (base 11) in base 3?
2212210012121
Convert -27253366 (base 9) to base 10.
-13439418
-57352 (base 12) to base 14
-30530
Convert -c9575b (base 13) to base 10.
-4724809
144120303 (base 5) to base 3
1110